{"id":85,"date":"2024-05-01T19:19:47","date_gmt":"2024-05-01T19:19:47","guid":{"rendered":"https:\/\/j-etol.com\/?page_id=85"},"modified":"2026-03-18T21:51:39","modified_gmt":"2026-03-18T21:51:39","slug":"journal-boards","status":"publish","type":"page","link":"https:\/\/j-etol.com\/index.php\/journal-boards\/","title":{"rendered":"Journal Boards"},"content":{"rendered":"\n<h3 class=\"wp-block-heading\">Owner \/ Publisher<\/h3>\n\n\n\n<div style=\"margin-bottom:50px;overflow:auto;\">\n  <img decoding=\"async\" style=\"display:block; float:left; height:70px; \" src=\"https:\/\/dergipark.org.tr\/media\/cache\/user_croped\/01f9\/2d68\/7103\/60365bd827a5c.png\" \/>\n  <div style=\"float:left; margin-left:20px; padding:0px; width: 80%;\">\n    <div>Dr. G\u00fcrhan Durak<\/div>\n    <div style=\"margin-top:10px;\">Bal\u0131kesir University, Necatibey Faculty of Education, Department of Instructional Technologies, T\u00fcrkiye\n<br \/>\nThe Open University, Institute of Educational Technology, United Kingdom\n<br \/>\n(Orcid: <a href=\"https:\/\/orcid.org\/0000-0003-2944-3713\">0000-0003-2944-3713<\/a>)\n<\/div>\n  <\/div>\n<\/div>\n\n\n\n<h3 class=\"wp-block-heading\">Editor-in-Chief<\/h3>\n\n\n\n<div style=\"margin-bottom:50px;overflow:auto;\">\n  <img decoding=\"async\" style=\"display:block; float:left; height:70px; \" src=\"https:\/\/dergipark.org.tr\/media\/cache\/user_croped\/01f9\/2d68\/7103\/60365bd827a5c.png\" \/>\n  <div style=\"float:left; margin-left:20px; padding:0px; width: 80%;\">\n    <div>Dr. G\u00fcrhan Durak<\/div>\n    <div style=\"margin-top:10px;\">Bal\u0131kesir University, Necatibey Faculty of Education, Department of Instructional Technologies, T\u00fcrkiye\n<br \/>\nThe Open University, Institute of Educational Technology, United Kingdom\n<br \/>\n(Orcid: <a href=\"https:\/\/orcid.org\/0000-0003-2944-3713\">0000-0003-2944-3713<\/a>)\n<\/div>\n  <\/div>\n<\/div>\n\n\n\n<h3 class=\"wp-block-heading\">Editors<\/h3>\n\n\n\n<div style=\"margin-bottom:50px;overflow:auto;\">\n  <img decoding=\"async\" style=\"display:block; float:left; height:70px; \" src=\"https:\/\/dergipark.org.tr\/media\/cache\/user_croped\/4d68\/f21d\/aec3\/5a1c4c2be02c4.jpg\" \/>\n  <div style=\"float:left; margin-left:20px; padding:0px; width:80%\">\n    <div>Dr. Serkan \u00c7ankaya<\/div>\n    <div style=\"margin-top:10px;\">\u0130zmir Demokrasi University, Faculty of Economics and Administrative Sciences, Department of Management Information Systems, T\u00fcrkiye (Orcid: <a href=\"https:\/\/orcid.org\/0000-0002-3951-9809\">0000-0002-3951-9809<\/a>)<\/div>\n  <\/div>\n<\/div>\n\n\n\n<div style=\"margin-bottom:50px;overflow:auto;\">\n  <img decoding=\"async\" style=\"display:block; float:left; height:70px; \" src=\"https:\/\/j-etol.com\/wp-content\/uploads\/2026\/03\/olaf.jpeg?2\" \/>\n  <div style=\"float:left; margin-left:20px; padding:0px; width:80%;\">\n    <div>Dr. Olaf Zawacki-Richter<\/div>\n    <div style=\"margin-top:10px;\">Carl von Ossietzky University of Oldenburg, Germany (Orcid: <a href=\"https:\/\/orcid.org\/0000-0003-1482-8303\">0000-0003-1482-8303<\/a>)<\/div>\n  <\/div>\n<\/div>\n\n\n\n<div style=\"margin-bottom:50px;overflow:auto;\">\n  <img decoding=\"async\" style=\"display:block; float:left; height:70px; \" src=\"https:\/\/dergipark.org.tr\/media\/cache\/user_croped\/49f6\/9bb3\/ab81\/664e4b0492a86.jpg\" \/>\n  <div style=\"float:left; margin-left:20px; padding:0px; width:80%;\">\n    <div>Dr. Bart Rienties<\/div>\n    <div style=\"margin-top:10px;\">The Open University, Institute of Educational Technology, United Kingdom (Orcid: <a href=\"https:\/\/orcid.org\/0000-0003-3749-9629\">0000-0003-3749-9629<\/a>)<\/div>\n  <\/div>\n<\/div>\n\n\n\n<div style=\"margin-bottom:50px;overflow:auto;\">\n  <img decoding=\"async\" style=\"display:block; float:left; height:70px; \" src=\"https:\/\/j-etol.com\/wp-content\/uploads\/2024\/08\/jo.webp\" \/>\n  <div style=\"float:left; margin-left:20px; padding:0px; width:80%;\">\n    <div>Dr. Jo Tondeur<\/div>\n    <div style=\"margin-top:10px;\">Vrije Universiteit Brussel, Interfacultair Departement Lerarenopleiding, Belgium  (Orcid: <a href=\"https:\/\/orcid.org\/0000-0002-3807-5361\">0000-0002-3807-5361<\/a>)<\/div>\n  <\/div>\n<\/div>\n\n\n\n<div style=\"margin-bottom:50px;overflow:auto;\">\n  <img decoding=\"async\" style=\"display:block; float:left; height:70px; \" src=\"https:\/\/j-etol.com\/wp-content\/uploads\/2024\/08\/Josep-M.-Duart-2023.png\" \/>\n  <div style=\"float:left; margin-left:20px; padding:0px; width:80%;\">\n    <div>Dr. Josep M Duart<\/div>\n    <div style=\"margin-top:10px;\">Universitat Oberta de Catalunya (UOC), Psychology and Education Sciences Department, Spain (Orcid: <a href=\"https:\/\/orcid.org\/0000-0002-5123-0370\">0000-0002-5123-0370<\/a>)<\/div>\n  <\/div>\n<\/div>\n\n\n\n<div style=\"margin-bottom:50px;overflow:auto;\">\n  <img decoding=\"async\" style=\"display:block; float:left; height:70px; \" src=\"https:\/\/dergipark.org.tr\/media\/cache\/user_croped\/ec49\/a08f\/b90a\/64f9ba25c9b85.jpg\" \/>\n  <div style=\"float:left; margin-left:20px; padding:0px; width:80%;\">\n    <div>Dr. Mike Sharples<\/div>\n    <div style=\"margin-top:10px;\">The Open University, Institute of Educational Technology, United Kingdom (Orcid: <a href=\"https:\/\/orcid.org\/0000-0001-7081-3320\">0000-0001-7081-3320<\/a>)<\/div>\n  <\/div>\n<\/div>\n\n\n\n<div style=\"margin-bottom:50px;overflow:auto;\">\n  <img decoding=\"async\" style=\"display:block; float:left; height:70px; \" src=\"https:\/\/j-etol.com\/wp-content\/uploads\/2026\/03\/margaret-korosec_0.webp\" \/>\n  <div style=\"float:left; margin-left:20px; padding:0px; width:80%;\">\n    <div>Dr. Margaret Korosec<\/div>\n    <div style=\"margin-top:10px;\">University of Leeds, Director of Digital Education and Learning Innovation, United Kingdom (Orcid: <a href=\"https:\/\/orcid.org\/0009-0005-1533-557X\">0009-0005-1533-557X<\/a>)<\/div>\n  <\/div>\n<\/div>\n\n\n\n<div style=\"margin-bottom:50px;overflow:auto;\">\n  <img decoding=\"async\" style=\"display:block; float:left; height:70px; \" src=\"https:\/\/dergipark.org.tr\/media\/cache\/user_croped\/4d0e\/7edb\/e387\/5f50d600cc220.jpg\" \/>\n  <div style=\"float:left; margin-left:20px; padding:0px; width:80%;\">\n    <div>Dr. Hasan U\u00e7ar<\/div>\n    <div style=\"margin-top:10px;\">Anadolu University, Open Education Faculty, Department of Distance Education, T\u00fcrkiye (Orcid: <a href=\"https:\/\/orcid.org\/0000-0001-9174-4299\">0000-0001-9174-4299<\/a>)<\/div>\n  <\/div>\n<\/div>\n\n\n\n<div style=\"margin-bottom:50px;overflow:auto;\">\n  <img decoding=\"async\" style=\"display:block; float:left; height:70px; \" src=\"https:\/\/dergipark.org.tr\/media\/cache\/user_croped\/121a\/938c\/a652\/603183f9b1e15.jpg\" \/>\n  <div style=\"float:left; margin-left:20px; padding:0px; width:80%;\">\n    <div>Dr. Nazire Bur\u00e7in Hamuto\u011flu<\/div>\n    <div style=\"margin-top:10px;\">Eski\u015fehir Osmangazi University, Faculty of Education, Department of Instructional Technologies, T\u00fcrkiye (Orcid: <a href=\"https:\/\/orcid.org\/0000-0003-0941-9070\">0000-0003-0941-9070<\/a>)<\/div>\n  <\/div>\n<\/div>\n\n\n\n<div style=\"margin-bottom:50px;overflow:auto;\">\n  <img decoding=\"async\" style=\"display:block; float:left; height:70px; \" src=\"https:\/\/dergipark.org.tr\/media\/cache\/user_croped\/da89\/bbd9\/e29c\/66aa34bc23da8.jpg\" \/>\n  <div style=\"float:left; margin-left:20px; padding:0px; width:80%;\">\n    <div>Dr. Alev Ate\u015f \u00c7obano\u011flu<\/div>\n    <div style=\"margin-top:10px;\">Ege University, Faculty of Education, Department of Computer Education and Instructional Technologies, T\u00fcrkiye (Orcid: <a href=\"https:\/\/orcid.org\/0000-0002-8319-9822\">0000-0002-8319-9822<\/a>)<\/div>\n  <\/div>\n<\/div>\n\n\n\n<div style=\"margin-bottom:50px;overflow:auto;\">\n  <img decoding=\"async\" style=\"display:block; float:left; height:70px; \" src=\"https:\/\/j-etol.com\/wp-content\/uploads\/2024\/08\/Ayse-Kara-Aydemir.jpg\" \/>\n  <div style=\"float:left; margin-left:20px; padding:0px; width:80%;\">\n    <div>Dr. Ay\u015fe G\u00fcl Kara Aydemir<\/div>\n    <div style=\"margin-top:10px;\">Akdeniz University, Faculty of Education, Department of Educational Administration, T\u00fcrkiye (Orcid: <a href=\"https:\/\/orcid.org\/0000-0003-1092-5413\">0000-0003-1092-5413<\/a>)<\/div>\n  <\/div>\n<\/div>\n\n\n\n<div style=\"margin-bottom:50px;overflow:auto;\">\n  <img decoding=\"async\" style=\"display:block; float:left; height:70px; \" src=\"https:\/\/dergipark.org.tr\/media\/cache\/user_croped\/116e\/b289\/76da\/61c04ae69721e.jpg\" \/>\n  <div style=\"float:left; margin-left:20px; padding:0px; width:80%;\">\n    <div>Dr. Hatice Y\u0131ld\u0131z Durak<\/div>\n    <div style=\"margin-top:10px;\">Necmettin Erbakan University, Faculty of Education, Department of Education Curriculum and Instruction, T\u00fcrkiye (Orcid: <a href=\"https:\/\/orcid.org\/0000-0002-5689-1805\">0000-0002-5689-1805<\/a>)<\/div>\n  <\/div>\n<\/div>\n\n\n\n<div style=\"margin-bottom:50px;overflow:auto;\">\n  <img decoding=\"async\" style=\"display:block; float:left; height:70px; \" src=\"https:\/\/www.icetol.com\/wp-content\/uploads\/2025\/12\/fatih-hoca-son.jpg\" \/>\n  <div style=\"float:left; margin-left:20px; padding:0px; width:80%;\">\n    <div>Dr. Fatih Kaleci<\/div>\n    <div style=\"margin-top:10px;\">Necmettin Erbakan University, Ahmet Kele\u015fo\u011flu Faculty of Education, Department of Mathematics and Science Teaching, T\u00fcrkiye (Orcid: <a href=\"https:\/\/orcid.org\/0000-0001-6823-3773\">0000-0001-6823-3773<\/a>)<\/div>\n  <\/div>\n<\/div>\n\n\n\n<h3 class=\"wp-block-heading\">Publication Editor<\/h3>\n\n\n\n<div style=\"margin-bottom:50px;overflow:auto;\">\n  <img decoding=\"async\" style=\"display:block; float:left; height:70px; \" src=\"https:\/\/dergipark.org.tr\/media\/cache\/user_croped\/4d68\/f21d\/aec3\/5a1c4c2be02c4.jpg\" \/>\n  <div style=\"float:left; margin-left:20px; padding:0px; width:80%\">\n    <div>Dr. Serkan \u00c7ankaya<\/div>\n    <div style=\"margin-top:10px;\">\u0130zmir Demokrasi University, Faculty of Economics and Administrative Sciences, Department of Management Information Systems, T\u00fcrkiye (Orcid: <a href=\"https:\/\/orcid.org\/0000-0002-3951-9809\">0000-0002-3951-9809<\/a>)<\/div>\n  <\/div>\n<\/div>\n\n\n\n<h3 class=\"wp-block-heading\">Language Editor<\/h3>\n\n\n\n<div style=\"margin-bottom:50px;overflow:auto;\">\n  <img decoding=\"async\" style=\"display:block; float:left; height:70px; \" src=\"https:\/\/j-etol.com\/wp-content\/uploads\/2024\/08\/64e46805c7c86.jpg\" \/>\n  <div style=\"float:left; margin-left:20px; padding:0px; width:80%;\">\n    <div>Dr. Tuba \u00d6zg\u00fcn<\/div>\n    <div style=\"margin-top:10px;\">\u00c7anakkale Onsekiz Mart University, T\u00fcrkiye (Orcid: <a href=\"https:\/\/orcid.org\/0000-0003-4259-2908\">0000-0003-4259-2908<\/a>)<\/div>\n  <\/div>\n<\/div>\n\n\n\n<h3 class=\"wp-block-heading\">Editorial Board<\/h3>\n\n\n\n<p>*Alphabetical Order<\/p>\n\n\n\n<table border=\"0\">\n  <thead>\n    <tr style=\"\">\n      <th>Name<\/th>\n      <th>University<\/th>\n      <th>Country<\/th>\n    <\/tr>\n  <\/thead>\n  <tbody>\n    <tr style=\"border-bottom: none;\">\n      <td>Dr. Alper Tolga Kumtepe<\/td>\n      <td>Anadolu University<\/td>\n      <td>T\u00fcrkiye<\/td>\n    <\/tr>\n    <tr style=\"border-bottom: none;\">\n      <td>Dr. Annika Bush<\/td>\n      <td>The Research Center Trustworthy Data Science and Security<\/td>\n      <td>Germany<\/td>\n    <\/tr>\n    <tr style=\"border-bottom: none;\">\n      <td>Dr. Aras Bozkurt<\/td>\n      <td>Anadolu University<\/td>\n      <td>T\u00fcrkiye<\/td>\n    <\/tr>\n    <tr style=\"border-bottom: none;\">\n      <td>Dr. Bas Giesbers<\/td>\n      <td>Maastricht University, School of Business and Economics<\/td>\n      <td>The Netherlands<\/td>\n    <\/tr>\n    <tr style=\"border-bottom: none;\">\n      <td>Dr. Chrissi Nerantzi<\/td>\n      <td>University of Leeds<\/td>\n      <td>United Kingdom<\/td>\n    <\/tr>\n    <tr style=\"border-bottom: none;\">\n      <td>Dr. Ebba Ossiannilsson<\/td>\n      <td>The Swedish Association for Distance Education (SADE)<\/td>\n      <td>Sweden<\/td>\n    <\/tr>\n    <tr style=\"border-bottom: none;\">\n      <td>Dr. Ela Akg\u00fcn \u00d6zbek<\/td>\n      <td>Anadolu University<\/td>\n      <td>T\u00fcrkiye<\/td>\n    <\/tr>\n    <tr style=\"border-bottom: none;\">\n      <td>Dr. Engin Kur\u015fun<\/td>\n      <td>Atat\u00fcrk University<\/td>\n      <td>T\u00fcrkiye<\/td>\n    <\/tr>\n    <tr style=\"border-bottom: none;\">\n      <td>Dr. Evrim Gen\u00e7 Kumtepe<\/td>\n      <td>Anadolu University<\/td>\n      <td>T\u00fcrkiye<\/td>\n    <\/tr>\n    <tr style=\"border-bottom: none;\">\n      <td>Dr. G\u00fcls\u00fcn Kurubacak<\/td>\n      <td>Anadolu University<\/td>\n      <td>T\u00fcrkiye<\/td>\n    <\/tr>\n    <tr style=\"border-bottom: none;\">\n      <td>Dr. Hakan Alt\u0131npulluk<\/td>\n      <td>Anadolu University<\/td>\n      <td>T\u00fcrkiye<\/td>\n    <\/tr>\n    <tr style=\"border-bottom: none;\">\n      <td>Dr. Hasan \u00c7al\u0131\u015fkan<\/td>\n      <td>Anadolu University<\/td>\n      <td>T\u00fcrkiye<\/td>\n    <\/tr>\n    <tr style=\"border-bottom: none;\">\n      <td>Dr. Laura Fedeli<\/td>\n      <td>University of Macerata<\/td>\n      <td>Italy<\/td>\n    <\/tr>\n    <tr style=\"border-bottom: none;\">\n      <td>Dr. Jeffrey Keefer<\/td>\n      <td>New York State University<\/td>\n      <td>United States<\/td>\n    <\/tr>\n    <tr style=\"border-bottom: none;\">\n      <td>Dr. Kathryn Maccallum<\/td>\n      <td>University of Canterbury<\/td>\n      <td>New Zealand<\/td>\n    <\/tr>\n    <tr style=\"border-bottom: none;\">\n      <td>Dr. Levent \u015eahin<\/td>\n      <td>Anadolu University<\/td>\n      <td>T\u00fcrkiye<\/td>\n    <\/tr>\n    <tr style=\"border-bottom: none;\">\n      <td>Dr. Mauro Maria Baldi<\/td>\n      <td>University of Macerata<\/td>\n      <td>Italy<\/td>\n    <\/tr>\n    <tr style=\"border-bottom: none;\">\n      <td>Dr. Meltem Aksoy<\/td>\n      <td>The Research Center Trustworthy Data Science and Security<\/td>\n      <td>Germany<\/td>\n    <\/tr>\n    <tr style=\"border-bottom: none;\">\n      <td>Dr. Mehmet Kesim<\/td>\n      <td>Anadolu University<\/td>\n      <td>T\u00fcrkiye<\/td>\n    <\/tr>\n    <tr style=\"border-bottom: none;\">\n      <td>Dr. Modise Mpho-Entle<\/td>\n      <td>University of South Africa<\/td>\n      <td>South Africa<\/td>\n    <\/tr>\n    <tr style=\"border-bottom: none;\">\n      <td>Dr. Murat Ataizi<\/td>\n      <td>Anadolu University<\/td>\n      <td>T\u00fcrkiye<\/td>\n    <\/tr>\n    <tr style=\"border-bottom: none;\">\n      <td>Dr. Necip Serdar Sever<\/td>\n      <td>Anadolu University<\/td>\n      <td>T\u00fcrkiye<\/td>\n    <\/tr>\n    <tr style=\"border-bottom: none;\">\n      <td>Dr. Nil G\u00f6ksel<\/td>\n      <td>Anadolu University<\/td>\n      <td>T\u00fcrkiye<\/td>\n    <\/tr>\n    <tr style=\"border-bottom: none;\">\n      <td>Dr. Nilg\u00fcn \u00d6zdamar<\/td>\n      <td>Anadolu University<\/td>\n      <td>T\u00fcrkiye<\/td>\n    <\/tr>\n    <tr style=\"border-bottom: none;\">\n      <td>Dr. Nilg\u00fcn Tosun<\/td>\n      <td>Trakya University<\/td>\n      <td>T\u00fcrkiye<\/td>\n    <\/tr>\n    <tr style=\"border-bottom: none;\">\n      <td>Dr. Robert Farrow<\/td>\n      <td>The Open University<\/td>\n      <td>United Kingdom<\/td>\n    <\/tr>\n    <tr style=\"border-bottom: none;\">\n      <td>Dr. Ramashego Mphahlele<\/td>\n      <td>University of South Africa<\/td>\n      <td>South Africa<\/td>\n    <\/tr>\n    <tr style=\"border-bottom: none;\">\n      <td>Dr. Ramesh Sharma<\/td>\n      <td>Wawasan Open University<\/td>\n      <td>Malaysia<\/td>\n    <\/tr>\n    <tr style=\"border-bottom: none;\">\n      <td>Dr. Santosh Panda<\/td>\n      <td>The Indira Gandhi National Open University (IGNOU)<\/td>\n      <td>India<\/td>\n    <\/tr>\n    <tr style=\"border-bottom: none;\">\n      <td>Dr. Serpil Ko\u00e7dar<\/td>\n      <td>Anadolu University<\/td>\n      <td>T\u00fcrkiye<\/td>\n    <\/tr>\n    <tr style=\"border-bottom: none;\">\n      <td>Dr. Suzan K\u00f6seo\u011flu<\/td>\n      <td>Goldsmiths, University of London<\/td>\n      <td>United Kingdom<\/td>\n    <\/tr>\n    <tr style=\"border-bottom: none;\">\n      <td>Dr. Tevfik Volkan Y\u00fczer<\/td>\n      <td>Anadolu University<\/td>\n      <td>T\u00fcrkiye<\/td>\n    <\/tr>\n    <tr style=\"border-bottom: none;\">\n      <td>Dr. Utku K\u00f6se<\/td>\n      <td>S\u00fcleyman Demirel University<\/td>\n      <td>T\u00fcrkiye<\/td>\n    <\/tr>\n    <tr style=\"border-bottom: none;\">\n      <td>Dr. Yacine Tazi<\/td>\n      <td>University of Central Florida<\/td>\n      <td>United States<\/td>\n    <\/tr>\n  <\/tbody>\n<\/table>\n\n\n\n<p><\/p>\n","protected":false},"excerpt":{"rendered":"<p>Owner \/ Publisher Dr. G\u00fcrhan Durak Bal\u0131kesir University, Necatibey Faculty of Education, Department of Instructional Technologies, T\u00fcrkiye The Open University, Institute of Educational Technology, United Kingdom (Orcid: 0000-0003-2944-3713) Editor-in-Chief Dr. G\u00fcrhan Durak&#8230;<\/p>\n","protected":false},"author":1,"featured_media":0,"parent":0,"menu_order":0,"comment_status":"closed","ping_status":"closed","template":"","meta":{"footnotes":""},"class_list":["post-85","page","type-page","status-publish","hentry"],"_links":{"self":[{"href":"https:\/\/j-etol.com\/index.php\/wp-json\/wp\/v2\/pages\/85","targetHints":{"allow":["GET"]}}],"collection":[{"href":"https:\/\/j-etol.com\/index.php\/wp-json\/wp\/v2\/pages"}],"about":[{"href":"https:\/\/j-etol.com\/index.php\/wp-json\/wp\/v2\/types\/page"}],"author":[{"embeddable":true,"href":"https:\/\/j-etol.com\/index.php\/wp-json\/wp\/v2\/users\/1"}],"replies":[{"embeddable":true,"href":"https:\/\/j-etol.com\/index.php\/wp-json\/wp\/v2\/comments?post=85"}],"version-history":[{"count":67,"href":"https:\/\/j-etol.com\/index.php\/wp-json\/wp\/v2\/pages\/85\/revisions"}],"predecessor-version":[{"id":402,"href":"https:\/\/j-etol.com\/index.php\/wp-json\/wp\/v2\/pages\/85\/revisions\/402"}],"wp:attachment":[{"href":"https:\/\/j-etol.com\/index.php\/wp-json\/wp\/v2\/media?parent=85"}],"curies":[{"name":"wp","href":"https:\/\/api.w.org\/{rel}","templated":true}]}}